?
2, 17, 167
Suppose -7*l + 2 = -8*l. Let r be (-6)/(-9)*33/l. Let p(m) = -m**2 - 13*m - 2. List the prime factors of p(r).
2, 5
Suppose -14*l = -5056 + 1416. What are the prime factors of l?
2, 5, 13
Suppose -5*l = 3*o - 7*o - 1, 0 = 3*l - 5*o + 2. List the prime factors of (l*3)/(1803/225 + -8).
3, 5
Let q be (2/3)/((-8)/(-6372)). Suppose -q + 155 = -8*m. List the prime factors of m.
47
Let y = 6 + -4. Suppose 14 = -2*b - 0*b + y*h, 0 = -5*b + 4*h - 30. What are the prime factors of -2 + (51 - -4) + b?
3, 17
Let y(b) = b**3 - 7*b**2 - 8*b + 5. Let q be y(8). Suppose 0 = -5*u + 2*u + q*a + 19, 0 = 3*u - 2*a - 13. Let c(f) = 2*f. What are the prime factors of c(u)?
2, 3
Let r(h) = 150*h + 2. Let u be 27/6*(-12)/(-27). What are the prime factors of r(u)?
2, 151
Let r = 17 - 1. Let i = r + 2. Let k = 36 - i. What are the prime factors of k?
2, 3
Suppose 2*x + 12 = -0*i + i, 0 = -3*x - 15. Let g = 304 - 212. Suppose t = -3*r + 2*t + 70, 4*r - g = i*t. List the prime factors of r.
2, 3
Let q = 2660 + -1353. List the prime factors of q.
1307
Let w be 16/4 - -33 - 0. Suppose 0*v = v - w. What are the prime factors of v?
37
Let c(q) = -q + 20. Let m be c(16). Suppose -m*b - b = -10. Suppose 0 = -b*f + 4*i + 34, -98 = -5*f - 2*i - i. What are the prime factors of f?
19
Suppose -6*a + 32 = -2*a. Let c = a + -3. What are the prime factors of c*(-10)/6*-3?
5
Let h be -5 + 5 + 4/2. Suppose -13 - 13 = -h*o - 2*j, 0 = -2*o + 3*j + 6. Suppose 0 = -o*m + 11*m - 50. List the prime factors of m.
5
Let c(g) be the first derivative of 7*g**3/3 - 4*g**2 + 13*g - 4. Let y(k) = -8*k**2 + 8*k - 14. Let m(q) = -7*c(q) - 6*y(q). List the prime factors of m(6).
5
Let z(n) = n - 3. Let r be z(6). Suppose 3*l - r*b + 2*b = 7, 2 = 3*l + 4*b. Suppose -l*h = -11 - 15. What are the prime factors of h?
13
Suppose a = 5*a + 48. Let j = a + 20. Suppose -5*d = -j - 52. List the prime factors of d.
2, 3
Let d(h) = 40*h - 68. What are the prime factors of d(2)?
2, 3
Let u be (-1 - -4) + (2 - 7). Let p(s) = s**3 + 2*s**2 + 2*s + 3. Let r be p(u). What are the prime factors of r/(2/(-8)) + 2?
2, 3
Let h(f) = -32 + 7*f + 26 - f**2 + 6*f. What are the prime factors of h(12)?
2, 3
Suppose -8*g + 15*g - 756 = 0. List the prime factors of g.
2, 3
Let q(g) = 10*g. Let b be q(-7). Let w = -9 - b. What are the prime factors of w?
61
Suppose 2198 = 2*j + 744. List the prime factors of j.
727
Let o = 1210 + -280. What are the prime factors of o?
2, 3, 5, 31
Suppose 4*f + 4*n = n - 60, -4*n = 16. Let q = 891 + -897. List the prime factors of q/36 + (-74)/f.
2, 3
Let g(b) = -30*b - 572. List the prime factors of g(-35).
2, 239
Let d be (7/2)/7*0. List the prime factors of (-2168)/(-8) + d + 1/(-1).
2, 3, 5
Let r be ((-18)/(-8))/(4/80). Suppose 2*c - 13 = -2*q + q, 3*q + 4*c - r = 0. Suppose -4*k = -q - 101. List the prime factors of k.
2, 3, 5
Let h(l) = l - 9. Let k be (-3)/6 - 69/(-6). Let q be h(k). Suppose 0 = q*d - 3*d + 2. List the prime factors of d.
2
Let b = 11 + -9. Suppose 7 = b*f + 1. Suppose -3*j + 8 - 2 = -f*v, -3*j - 4*v = -34. List the prime factors of j.
2, 3
Suppose 13 = -2*u - 23. Let q = -35 - -11. List the prime factors of u/(-30) + q/(-10).
3
Let q(w) = w + 2. Let l be q(2). What are the prime factors of 39*3 + -8 + l?
113
What are the prime factors of (-6)/(-27) + (-336644)/(-126) - -3?
5, 107
Suppose z - 2*z - 52 = -4*a, -16 = -4*z. Suppose -a*u + 120 + 594 = 0. What are the prime factors of u?
3, 17
Let r(q) = -q**3 + 5*q**2 + q - 1. Suppose 0 = -3*t + 8 - 2. Suppose 2*b = -u + 14, 2*u + t*u + 3*b - 31 = 0. What are the prime factors of r(u)?
19
What are the prime factors of (-216)/((-54)/6)*(-68)/(-6)?
2, 17
Let j be 2/6 - (-105)/9. List the prime factors of (-63)/j*(-96)/9.
2, 7
List the prime factors of 1/(-24)*-3 + 293683/104.
2, 353
Suppose 0 = 118*m - 116*m - 7024. What are the prime factors of m?
2, 439
Suppose 16*b = -6462 + 17470. What are the prime factors of b?
2, 43
Let w be (36/42)/(2/(-14)). Let g be -2 + w/(-3) + -8. What are the prime factors of 2/(4/g + 1)?
2
Let s(k) = k**2 - 2*k + 4. Suppose -4*u + 3*x = -x - 4, 0 = -u + 2*x + 5. Let a be s(u). Let p = a - 10. What are the prime factors of p?
3
Suppose -4*q + 9*q - 1060 = 0. What are the prime factors of q?
2, 53
Let n = 36 + 717. What are the prime factors of n?
3, 251
Let c(o) = -o**3 - 3*o**2 + 13*o + 9. Let s = 9 + -15. List the prime factors of c(s).
3, 13
List the prime factors of (45725/(-124))/((-2)/8).
5, 59
Let z(t) = 9*t**2 + 6*t - 14. List the prime factors of z(-6).
2, 137
Let b = 118 + -118. Suppose b = -5*o + 3*s + 62, 5*s - 4*s = 5*o - 64. What are the prime factors of o?
13
What are the prime factors of (-6)/(24/(-4564)) + -6?
5, 227
What are the prime factors of (-34)/16 + 38/304 + 148?
2, 73
Suppose -4*b - 5*j + 12 = -j, -2*b - j + 7 = 0. Let k = 10 - 5. Suppose -k*m - b = -34. What are the prime factors of m?
2, 3
Let f(k) = 6*k**3 + 2*k**2 + 13*k - 17. What are the prime factors of f(5)?
2, 53
Let k = 16 - 14. Suppose 10 = -5*a, -5*d - a + 4 = k*a. Suppose -u + 83 = d*n, 2*u = -2*n + 45 + 39. List the prime factors of n.
41
Suppose 9 = 2*c + 5. What are the prime factors of (28/(-16) - c)/((-3)/48)?
2, 3, 5
Suppose -5*y - 2022 = -4*a + 862, -2844 = -4*a - 5*y. What are the prime factors of a?
2, 179
Let w(k) be the second derivative of -k**5/10 - k**4/6 + k**3/6 + k**2/2 - 7*k. Let t be w(-3). Let j = t - -2. What are the prime factors of j?
2, 3
Let l(j) = -6 - 6*j**3 + 5*j**3 + 2*j**3 + 9*j**2 - j. Let d be l(-9). Suppose -d*f + 138 + 6 = 0. List the prime factors of f.
2, 3
Suppose 47*y = 42*y + 2545. List the prime factors of y.
509
Suppose 0 = -3*s - 4*a + 954, 2*a = -5*s - a + 1601. What are the prime factors of s?
2, 7, 23
Suppose 5*k - 6710 = y, -4044 = -3*k - y - 2*y. List the prime factors of k.
17, 79
Let f(s) = 14*s + 23. Let a(k) = -27*k - 43. Let o(j) = 6*a(j) + 11*f(j). Suppose 12 = -0*b - 3*b. List the prime factors of o(b).
3
Let r = -28 - -37. Suppose 128 - 1577 = -r*y. List the prime factors of y.
7, 23
Let d = 212 + -136. Let o = 124 - d. What are the prime factors of o?
2, 3
Let j be 1 + (-79 - -3) + 2. Let q = 10 - 31. Let c = q - j. What are the prime factors of c?
2, 13
Suppose 2*u + 1 = 5*u - 4*n, -5*u = 2*n - 19. Suppose -2*d = -l - 461, -3*d + 42 = -u*l - 651. What are the prime factors of d?
2, 5, 23
Suppose d - 936 = 3*w, -3*d - 2*d = 5*w - 4580. What are the prime factors of d?
3, 307
Let m = 1321 + -208. What are the prime factors of m?
3, 7, 53
Suppose 3*p = p + 1638. List the prime factors of p.
3, 7, 13
Let c(y) = 216*y + 814. What are the prime factors of c(15)?
2, 2027
List the prime factors of 1355 + -3 + (2 + 9 - 4).
3, 151
Suppose 0 = 24*s - 33270 - 1770. List the prime factors of s.
2, 5, 73
Suppose 0*s = 5*s + 2*q, -3*s + 31 = -5*q. Let l = 3 + s. Suppose -l*x + 4*x + 18 = 0. What are the prime factors of x?
2, 3
Let y be 1/(1/6) - 4/2. List the prime factors of y/12 + (-519)/(-9).
2, 29
Let d(n) = 8*n - 2. Let u(j) = -j**2 + 12*j - 3. Let y be u(11). Let w = -5 + y. List the prime factors of d(w).
2, 11
What are the prime factors of ((-2177)/(-28))/((-4)/(-16))?
311
Let v(x) = -4*x**3 + 29*x**2 - 3*x + 2. What are the prime factors of v(5)?
2, 53
Let l = -7 + -1. Let i(y) = y**2 + y + 8. Let q be i(l). Suppose t = -u - 2*t + 6, -4*u = 2*t - q. What are the prime factors of u?
2, 3
Suppose n - 31 + 62 = 2*w, 70 = 5*w - n. List the prime factors of w.
13
Suppose 0 = -t - 2*f + 567, -244*t - 4*f + 2268 = -240*t. List the prime factors of t.
3, 7
Suppose 13482 = 13*y - 207. List the prime factors of y.
3, 13
Suppose -3*l = -3*s + 33, s + 3 = 4*l + 26. Let q(m) = 2*m**2 + 5*m - 3. List the prime factors of q(s).
2, 5, 13
Let g = 2249 - 1045. List the prime factors of g.
2, 7, 43
Suppose -14880 = -11*d - 5222. List the prime factors of d.
2, 439
Suppose 2*z - 4*w + 30 = -2*w, 4*z + 42 = -2*w. Let x = 99 - z. Suppose 4*r = 7*r - x. List the prime factors of r.
37
Suppose -15 = -f + 12. Suppose 79 + f = o. List the prime factors of o.
2, 53
What are the prime factors of 2/(-10) + 11031/30*6?
2, 1103
Let h(r) = -5*r**2 + 36. Let z be h(6). List the prime factors of z/10*(-20)/2.
2, 3
Suppose -3*d - 19 = -2*l - 0*l, 3*d + 15 = 0. List the prime 